(x).
-6
Let w(t) = -t**2 - 6*t + 4. Let i = -629 + 630. Give w(i).
-3
Suppose -3*q - 12 = -18. Let u(j) = 2*j**3 - 2*j**2 - j - 2. Calculate u(q).
4
Let j(f) = -12*f**2 - 10 + f + 32 - 14 - 9. Let b = 5 + -7. Let m be (-2 - 0)*b/4. What is j(m)?
-12
Suppose 3 - 9 = -2*b. Let y(q) = -4*q**2 - 2*q + b*q**2 - q + 4. Give y(-5).
-6
Let c(z) = z**3 + 11*z**2 + 11*z - 2. Suppose t - 1 = -l - 10, -4*l = -t + 41. Calculate c(l).
-12
Let a(o) = -o**3 + 6*o**2 - o + 2. Suppose 0 = -5*u + 20 - 0. Let c = 2 + u. Calculate a(c).
-4
Let x(v) = 2 - 5*v**2 - 11 - 8*v**2 - 59*v + v**3 + 51*v + 5*v**2. What is x(9)?
0
Let t(c) = -c**2 + 4*c + 3. Suppose -2*u - 4*f + 20 = -7*f, -4*u - 5*f - 4 = 0. Give t(u).
3
Suppose -4*x = -4*n + 44, 0 = 3*n - 0*n - x - 37. Let c(f) = -n*f + 21*f - 7*f. Calculate c(9).
9
Let l(y) be the second derivative of 2*y**2 - 1/20*y**5 + 1/2*y**3 + 43*y + 1/6*y**4 + 0. Determine l(3).
4
Let h(c) = 16*c - 11*c + c**2 - 6*c + c**3. Determine h(-3).
-15
Let r be 3 - (13 - (-11 + 6)). Let g(s) = -s**3 - 15*s**2 - 10. Determine g(r).
-10
Suppose 7*k - 19*k = -36. Let l(f) = -f**2 + 1. Suppose 3*t = 2*t - 1. Let u(h) = h**3 - h**2 - 4*h + 2. Let m(w) = t*u(w) - 2*l(w). What is m(k)?
8
Let p(h) = 3 - 26*h**2 - 10*h + 25*h**2 - 7. Calculate p(-7).
17
Let m(z) be the first derivative of -z**5/20 - z**4/3 + 5*z**3/6 + 63*z + 23. Let b(i) be the first derivative of m(i). Let q = 1 - 6. Calculate b(q).
0
Let g(f) = -f**3 - 2*f + 1. Suppose 4*p = 1 - 13. Let y = 1 + p. Determine g(y).
13
Let h(b) be the second derivative of 0*b**2 + 11/6*b**3 + 0 + 10*b - 1/24*b**4 + 1/60*b**5. Let r(l) be the second derivative of h(l). Determine r(5).
9
Let i(h) be the third derivative of h**4/12 - h**3/2 + 69*h**2. Calculate i(-7).
-17
Let y be -3 - ((-2)/6)/((-4)/12). Let b(w) = -w**2 - 3 + 14*w - 2 - 21*w. Give b(y).
7
Let k(a) be the third derivative of a**8/20160 - a**7/1008 + a**6/144 + 7*a**5/12 + 32*a**2. Let t(h) be the third derivative of k(h). What is t(4)?
1
Let a(j) be the second derivative of -5*j**3/6 - 4*j**2 + 8*j - 37. Give a(-4).
12
Let z(c) = -c**3 + 6*c**2 - 3*c + 4. Let g be z(7). Let f = -56 - g. Let u(m) = -m + 4. What is u(f)?
-6
Let s(d) = 4*d + 2. Suppose -5*n + 4*x + 76 = -2*n, 2*n = x + 44. Suppose 13*g - n = 45. Give s(g).
22
Let h(p) be the second derivative of -p**5/20 + p**4/4 + p**3/3 - 3*p**2/2 + p. Suppose -5*y + 10*y = 0. Let j be 5 - (3 - 5/5 - y). Calculate h(j).
3
Let x = 12 + 10. Let f(w) = -4 + 12*w - x*w - 3 + 12*w. What is f(-5)?
-17
Let d(n) = 13*n**3 - 9*n**2 + 9*n - 5. Let v(s) = 4*s**3 - 4*s**2 + 4*s - 2. Let i(a) = -2*d(a) + 5*v(a). Give i(1).
-6
Let p(q) be the first derivative of q**2/2 + 4*q - 4. Give p(0).
4
Let n(w) = -33 + 14*w**2 - 32 - 30 - w**3 + 2*w**3 - 15*w + 81. Calculate n(-15).
-14
Let o(m) = -5 + 3*m - m + 3*m**2 - 2*m**2 - 10*m + m. What is o(8)?
3
Suppose -5*h + 3*y - 12 = 4*y, 3*y = 4*h + 21. Let g be (-2)/1 - 12/h. Let d(a) = 2*a**g + 3*a - 2*a + 3 - 2 - 2*a. Give d(-2).
11
Let f be 282/30 - (-9)/15. Let g = -12 + f. Let t(h) = 2*h + 1. Give t(g).
-3
Let z be 0*(88/(-24) + 4). Let s(c) = -c**2 + c + 19. Give s(z).
19
Let y = 11 - 2. Let k(p) = -p**2 + 9*p - 3. Determine k(y).
-3
Let d(z) = 16*z + 12. Let s(m) = 2*m - 2. Let k(g) = -d(g) + 6*s(g). Calculate k(-7).
4
Suppose 6*u - u = 0. Suppose 2*j + 3*d - 11 = 0, u = -j - 0*j - 2*d + 5. Suppose j = -v + 3*i - i, 0 = -5*i + 20. Let z(q) = 6*q**2 - q + 1. Give z(v).
6
Let i(z) = 12*z. Suppose -20*r - 30 - 50 = 0. Calculate i(r).
-48
Let t be ((-4)/6)/(12/(-18)). Let p(n) = -n**3 + n**2. Let a be p(-1). Let j(i) = 3*i**3 + 2*i**a - 1 - 6*i**3 + 0*i**3 + 2*i**3. What is j(t)?
0
Let u(q) = -q - 4. Suppose 0 = -4*j + 8, -5*o - 3*j + 26 = -0*j. Suppose 3*v = -r - 2*r, 0 = r - o*v - 10. Suppose 0 = -r*g - 7 - 7. Determine u(g).
3
Suppose 6*q + 26 - 20 = 0. Let u(b) = 4*b - 5. Let f(v) = v + 1. Let a(p) = q*u(p) + f(p). Give a(4).
-6
Suppose -226 = 31*v - 71. Let w(h) = -7*h - 9. Give w(v).
26
Let i(a) = -12*a**2 + 3. Let v(l) = 59*l**2 - l - 17. Let q(s) = -11*i(s) - 2*v(s). Determine q(-1).
13
Suppose 0 = 5*d - n + 124, -3*n - 1 + 48 = -2*d. Let j = 24 + d. Let o(i) = 2*i**2 + i + 1. Determine o(j).
2
Suppose -31 = -3*o - 7*q + 2*q, -13 = -4*o - q. Let l(w) = 3*w - o*w + 55 - 50. Calculate l(0).
5
Let k(p) be the first derivative of -p**3/3 + 4*p**2 - 4*p - 16. Calculate k(6).
8
Let f(g) = -15*g + 1. Suppose -5 = -5*m + 15. Suppose -2*s - 8 = 0, 3*s = -2*n - 6 - m. Give f(n).
-14
Let x(t) be the second derivative of 0 - 1/12*t**4 - 1/2*t**2 + 3/2*t**3 + 38*t. Give x(7).
13
Suppose -4*t - 39 = 7*i, i - 3*t + 6*t + 8 = 0. Let c(m) = -m**2 - 3*m + 11. Calculate c(i).
1
Let s(f) be the second derivative of -2*f**4/3 - f**3/3 - f**2/2 - f. Suppose -u - 6*m = -8*m + 1, 2*u + 3*m = -2. What is s(u)?
-7
Let u(p) = -p + 3. Let x be (10 - 1 - 0)*(-7 + -2). Let n be 10/((-150)/x) + (-3)/(-5). Determine u(n).
-3
Let d(g) = 4*g - 4*g - 2*g - 4. Let v be 148/(-18) + -9*(-2)/81. Determine d(v).
12
Let t(z) be the second derivative of z**5/20 - z**4 + 7*z**3/2 - 3*z**2/2 + z + 43. Give t(10).
7
Suppose -4 = 3*j + 11. Let b(p) = -2*p**2 + p + 10. Let y(i) = -i**2 + i + 5. Let u(o) = j*y(o) + 2*b(o). Give u(4).
-1
Let o(y) = 3*y**2 + 3*y + 2. Suppose -9 = 3*m - 5*l, -3*l + l = -6. Suppose -4*p + 104 = 6*b - m*b, 5*p - 4*b - 148 = 0. Let s be 1/(3 - p/8). Calculate o(s).
8
Suppose 3*w - 32 = 4*r, 4*r + 5*w = 9*w - 36. Let q(h) = h**3 + 4*h**2 - 7*h - 5. What is q(r)?
5
Let k(w) = w**3 + 2*w**2 - 7*w - 5. Let o = 36 + -19. Suppose 4*r - 2*x = -92, -7*r - 80 = -3*r + x. Let y = o + r. Give k(y).
-9
Let a be (-2)/13 - 3572/611. Let s(m) = 8*m - 3. Let g be s(2). Let d = g + a. Let p(x) = 2*x - 8. Give p(d).
6
Suppose x - 15 = 5*p, 5*p + 3*x + 35 = -0*p. Let f be (-8)/68 + p/(-34). Let l(r) = -r**2 + r + 3. What is l(f)?
3
Let x(w) = -6*w - 12*w**2 + 23*w**3 + 19*w**3 + 22*w**3 - 63*w**3 + 3*w**2 - 24. Calculate x(10).
16
Let f(m) = -m**3 - 6*m**2 - 2*m - 11. Let j be f(-6). Let p(g) = -6 + 2 - j - 1 - 3*g. Let h = 1 - 5. Determine p(h).
6
Let u(i) = -38*i**2 - 37*i + 3. Let l(k) = -17*k**2 - 18*k + 1. Let n(r) = 9*l(r) - 4*u(r). Calculate n(-14).
-3
Suppose 60*v = 41*v - 19. Let f(u) = 26*u**3 + u**2 - 1. Determine f(v).
-26
Let q(c) = c + 17 + 0*c - 2*c. Let k(y) = -y + 9. Let v(o) = 5*k(o) - 3*q(o). Determine v(-4).
2
Let w be (2/(-4))/((42/12)/7). Let a(k) = 3*k + 2. Calculate a(w).
-1
Let b(t) = -3*t - 3. Let a(f) = f**3 - 8*f**2 + 8*f - 2. Let h be a(7). Let x = h + -4. Let w be (-10)/(-5)*x*-2. Give b(w).
9
Suppose 2*t = 5*k - k - 6, k + 3 = 2*t. Suppose -2*u + 4*n - 4 = 0, -4 = u - k*n - n. Let o(z) = -z + 4*z + u*z - 1 - 5*z. What is o(1)?
-3
Let h(v) = -v**3 + 6*v + 5. Let q(t) = -t**2 - 2*t - 1. Let n(s) = -h(s) - q(s). Calculate n(-2).
0
Let b = 2 + 4. Let k(f) = 4*f - 3*f**3 - 5*f**3 - 11*f**3 + 20*f**3 - 7*f**2 + 8. Determine k(b).
-4
Suppose 4*k + 6 = -6. Let h(b) = -4*b**3 + 2*b**2 + 4*b + 3. Let l(j) = 3*j**3 - j**2 - 3*j - 2. Let w(q) = -5*h(q) - 7*l(q). Determine w(k).
-4
Suppose 5*i - 4*i = 0, 0 = -4*x + 5*i - 5 + 13. Let l(y) = 2 - y**3 - y - 2*y**2 + 4*y**3 - 1. Give l(x).
15
Let b(a) be the second derivative of -5*a**3/6 + 5*a**2 - 23*a. What is b(2)?
0
Let s(b) = 2*b**2 - 1. Let v be s(-1). Let k(j) = -2 - j + 0*j + v. Let t be 0*((-54)/(-12) + -5). Determine k(t).
-1
Let w = -8 + 11. Let o be 4/(2 - w)*14. Let g be 16/o + (-33)/7. Let b(v) = -3*v. Give b(g).
15
Let n be 1 + 7 - 442/34. Suppose -2*z - 15 = -5*z. Let m(v) = -7 - 3*v - 4*v + z*v. Determine m(n).
3
Let g(x) = x - 4. Suppose 4*p + 4*m + 33 = 81, -5*p + 54 = 3*m. Calculate g(p).
5
Let a(q) = -3*q**2 + 3*q - 1. Suppose 44*n = 11*n + 66. Calculate a(n).
-7
Let r = -13 + 22. Let s(k) be the third derivative of -k**5/60 + 3*k**4/8 - 18*k**2. Give s(r).
0
Suppose 2*p = -5*d + 57, -4*p = 2*d - 8*p - 18. Let a(i) = i**2 - 10*i - 9. What is a(d)?
2
Let d(c) = c. Let b be d(5). Suppose -5*m + 2*m + 29 = -b*t, -1 = -3*m - 2*t. Let o(j) = -j**2 + 3*j - 4. What is o(m)?
-4
Let f(s) be the second derivative of 1/6*s**3 + 0 - 23*s + 3/2*s**2. Calculate f(-5).
-2
Let g(j) be the first derivative of 7 - 2*j - 2/3*j**3 - 1/4*j**4 + 1/2*j**2. Determine g(-2).
-4
Let i(x) be the third derivative of -x**6/